 of c?
5
What is the units digit of (0 - 1) + 59 + -6?
2
Let s = 5 - 8. Let k = 4 + s. What is the units digit of k?
1
Let h be (2 + 2)*-2 + -1. What is the units digit of 30/4*(-6)/h?
5
Suppose 5*c + 133 = 8*h - 4*h, -5*c - h - 123 = 0. Suppose 4*y - 18 - 150 = 0. Let z = c + y. What is the units digit of z?
7
What is the units digit of 3872/14 + (2 - (-33)/(-21))?
7
Let c be 2619/63 - (-4)/(-7). What is the units digit of 1/(165/c - 4)?
1
What is the units digit of ((-1846)/6 - 2/(-3))*-1?
7
Let v be ((-2)/4)/(5/(-40)). Suppose 0 = 2*g + v*h + 10, 0 = g + h + 4 - 2. What is the units digit of g?
1
Let h(q) = q**2 - 4*q + 3. Let i be h(4). Suppose -31 = -4*a - z, i*a - 26 = a - 4*z. What is the units digit of a?
7
Let o(p) = p**3 - 2*p**2 - 8*p - 9. What is the tens digit of o(5)?
2
Let b(n) = n**3 - n**2 - 3*n + 2. Let j(w) = -w**3 + 9*w**2 + w - 6. Let c be j(9). What is the tens digit of b(c)?
1
Suppose 0*t = t - 5*c - 356, 0 = 5*c + 15. What is the hundreds digit of t?
3
What is the units digit of (16 + 1)/(6/12)?
4
Let t(i) be the third derivative of i**5/60 - i**4/24 - 2*i**3/3 - 3*i**2. What is the tens digit of t(5)?
1
Let s(y) = -2*y**3 + 8*y**2 + y - 6. Let z(c) = 3*c**3 - 16*c**2 - 2*c + 12. Let m(n) = 5*s(n) + 3*z(n). What is the tens digit of m(-8)?
1
What is the units digit of (-166)/5*(11 + -16)?
6
Let d(u) be the first derivative of -u**4/4 + 5*u**3/3 - 2*u**2 + u + 1. Let z = 2 - -1. What is the units digit of d(z)?
7
Let t(u) = -u**3 - 6*u**2 - 6*u - 1. Let l be t(-5). Suppose -4*c = a - 23, -l*a + 3*c = c - 74. What is the tens digit of a?
1
Suppose -z - 3*f - 7 = 0, 5*z - f + 5 = 18. Let j = z + 1. Suppose -t + 2*t - j = 0. What is the units digit of t?
3
Let v(y) = y**2 - 8*y + 5. Let f be v(7). What is the tens digit of (19/(-4))/(f/8)?
1
Suppose 3*h + 47 = 5*h + 5*a, -9 = -3*a. What is the units digit of -2*4/(h/(-18))?
9
Suppose 0 = -0*r + 3*r + 3*k - 96, -3*k = -15. Let u be 2 + r - (2 + -1). Suppose -u = -3*y + y. What is the units digit of y?
4
What is the units digit of 105/6 + (-12)/(-8)?
9
Suppose 0 = 4*g, -4*p - 2*g = 2*g - 16. Let o be 28/(-2)*(-2)/p. Let r = o - -6. What is the units digit of r?
3
Suppose -2*t = -2*v + 36, -24 = v - 4*v - 3*t. What is the units digit of v?
3
Let l be (4/(-8))/((-1)/336). What is the tens digit of ((-12)/(-14))/(4/l)?
3
Let l be ((-4)/(-6))/((-2)/6). Let f(d) = -7*d + 1. Let t be f(l). Suppose 0 = 2*u - 5*u + t. What is the units digit of u?
5
Let u(r) = r**2 + 6*r + 9. Let c be u(-7). Let j = -14 - -22. Let f = c - j. What is the units digit of f?
8
Suppose 399 = 7*f - 28. What is the tens digit of f?
6
Let n(k) = -5*k - 5. Let q(m) = -1. Let p(w) = -4. Let g(a) = p(a) - 3*q(a). Let r(c) = -6*g(c) + n(c). What is the units digit of r(-2)?
1
Let p(d) be the third derivative of -d**4/24 + 2*d**3/3 - 3*d**2. Let w be p(0). Let t = w + -3. What is the units digit of t?
1
Let p(z) = 6 + z - 6*z - 2*z + 2*z. What is the units digit of p(-5)?
1
Let m = 11 + -3. Suppose -m = u - 19. What is the tens digit of u?
1
Let b(u) = 20*u + 7. Let n(x) = -7*x - 2. Let y(v) = 6*b(v) + 17*n(v). What is the units digit of y(-7)?
1
What is the tens digit of ((-12)/24)/((-1)/58)?
2
Let y(n) = -4*n**3 + 4*n**2 + 3*n**3 - 2*n + 3 - n**2. What is the units digit of y(2)?
3
Suppose 5*h - 8 = 2*o - 4*o, 4*h - o - 9 = 0. Suppose 0 = h*m + d - 40, -2*d = -2*m + d + 40. What is the tens digit of m?
2
Let g(w) = -3*w**3 - 17*w**2 - w - 2. What is the tens digit of g(-7)?
0
Let q be ((-8)/(-12))/((-2)/(-18)). What is the units digit of (-4)/q*(-5 - 1)?
4
Let l(u) = -24*u + 1. Let h be l(-1). Suppose -h - 3 = 4*v. Let k = -5 - v. What is the units digit of k?
2
Let g be ((-21)/(-14))/(6/(-8)). What is the units digit of ((-110)/(-15))/(g/(-6))?
2
Let r = -21 - -43. What is the units digit of r?
2
Let c be 2/(-5) + (-24)/(-10). Suppose -8 = c*p - 4*v - 62, p - 33 = 4*v. What is the tens digit of p?
2
Let t(p) = -2*p**3 - 19*p**2 + 3*p - 14. What is the units digit of t(-10)?
6
Let v(n) = -n**3 + 3*n**2 + 15*n + 6. What is the tens digit of v(5)?
3
Let s(h) = -h**3 - 4*h**2 + 4*h + 3. Let w be (-132)/28 - 4/14. Let q be s(w). What is the units digit of ((-42)/q)/(-3)*4?
7
Suppose -8*k + 4*k = -212. Suppose 1 = -3*o + 2*o, -o = -4*z + k. What is the tens digit of z?
1
Suppose -3*i - 3 = 5*k, -3*k - 7 = -i + 6. Let t = -10 + i. Let v = t - -17. What is the units digit of v?
1
Suppose -22 = -5*q + 3. Let o(k) = k - 4. Let r be o(0). Let x = q + r. What is the units digit of x?
1
Let q(y) = -y. Let l be q(4). Let d = -1 - l. Suppose 0 = -2*x + x + d. What is the units digit of x?
3
Suppose -17 = -x + 4*b, 4*x + 4*b - 8 = -0*x. Suppose 220 = x*c - c. Suppose 5*l - 108 = -2*n, 3*l - 17 = -3*n + c. What is the tens digit of l?
2
What is the units digit of 2*(1 + -5)/(-1)?
8
Suppose 0 = -0*v - 4*v - 40. Let d = -1 + v. Let u = -7 - d. What is the units digit of u?
4
Suppose 3*m - 2*l - 12 = -2*m, -2*m + 8 = -4*l. Let c = 2 - m. Suppose -25 = -2*b + 3*i, c = -5*b + i + 36 - 6. What is the units digit of b?
5
Suppose 4*g + 126 = 7*g. What is the tens digit of g?
4
Let o(s) = -4*s + 4. Suppose 0 = -5*w + 2 - 22. What is the units digit of o(w)?
0
Let f be 2*(2 - (3 + 0)). What is the units digit of -1 + 0/f + 14?
3
Let j be 21*(-3 - (-16)/6). Let t(q) = -2*q - 1. What is the tens digit of t(j)?
1
Let b = 16 - 22. Let g = -4 - b. Suppose -3*y = 2*y + 3*c - 13, g*y = -3*c + 7. What is the units digit of y?
2
Let v be 44 + (0 - (1 - 2)). Let y = v - 27. What is the tens digit of y?
1
Suppose -q - 3 = 1. Let k = q + 6. Suppose k*f - 1 - 1 = 0. What is the units digit of f?
1
What is the tens digit of (88/10)/((-8)/(-80))?
8
Let v(k) = -k**2 + 8*k + 5. Let m be v(7). Suppose 12 = -4*i - m. What is the units digit of i/(-8) + 2/8?
1
Let a(z) be the first derivative of 2*z**2 + z + 1. What is the units digit of a(3)?
3
Suppose -20 = 12*x - 17*x. What is the tens digit of x/(-14) - 531/(-21)?
2
What is the tens digit of 3/1 - (-12 + 1)?
1
Let u be (-6)/24 - 194/(-8). Suppose 3*p + 15 = 8*p. Suppose p*f + u = 66. What is the tens digit of f?
1
Suppose 0 = -3*a - 15, 0 = -2*k + 3*a - 7*a + 102. Suppose 0*u + 5*n = -u + 34, 5*n + k = 4*u. Let g = u + -13. What is the units digit of g?
6
Suppose 3*t - 7*t + 12 = 0. Suppose 5*z - 5*j = 95, -z = t*j - j - 13. What is the tens digit of z?
1
Suppose -5*x - 2*q = -350, 249 = 5*x + q - 106. What is the tens digit of x?
7
Suppose 3*g + g = 48. Suppose -5*c = 2*z + 5, c - g = -z - 2*z. Let f = c + 5. What is the units digit of f?
2
Suppose 10*c - 5*c = 0. Suppose -j + c + 2 = 0. Suppose -6*z = -j*z - 24. What is the units digit of z?
6
Suppose -s + 3 = 5. Let g be 57/6 - (-1)/s. Suppose -3*y + 0 = -g. What is the units digit of y?
3
Let l(v) = -v**3 - 7*v**2 + v - 7. What is the tens digit of l(-9)?
4
Let i be -2 + -12 + 2 + -3. Let s = 10 - i. What is the units digit of s?
5
Let g be 50/18 + 6/27. Suppose 0 = -g*i + i - 2, 2 = j + 3*i. Suppose 0*x = -j*x + 40. What is the units digit of x?
8
Suppose -4*u = -11 + 3. Suppose 4*c + 3*d - 117 = 2*d, 54 = u*c - 4*d. What is the tens digit of c?
2
Let g = 5 + -2. Suppose -g*c - 3*k = -3 - 6, 21 = 2*c - 3*k. Let m = c + 3. What is the units digit of m?
9
Suppose 18 = 5*m - 72. What is the units digit of m?
8
Let u = -4 - 11. Let t = -7 - u. What is the units digit of t?
8
Suppose 0 = 5*d + 25, 2*f = 3*f - 3*d - 17. Suppose 3*x - 2 = -4*q, -2*q = -f*x + 6*x + 4. Suppose -q*a + 17 - 5 = 0. What is the units digit of a?
6
Let c(n) = n**2 + 10*n + 13. Let v be c(-9). Suppose -v*o = -4*f, -f + o = -5*f + 25. What is the units digit of f?
5
Suppose 3*n = -2*t + 3, -4*t + 5*n + 3 - 8 = 0. Suppose 2*h + 32 = j, t*h = -5*h - 10. What is the tens digit of j?
2
Let v = 61 - 32. What is the tens digit of v?
2
Let a = -170 - -295. Suppose 0 = 2*p + 3*p - a. Suppose 5 = o - q - 5, -o + 4*q + p = 0. What is the units digit of o?
5
Suppose 2*i = -3*i + 20. Suppose z + 2*z - d = 16, 0 = 3*z + i*d + 4. Suppose 4*g = -2*s + 16, -z*s + 4*g + 12 = -68. What is the tens digit of s?
1
Suppose 0 = -5*w - 0*w - h + 106, 5*w - h = 104. What is the tens digit of w?
2
Suppose 2*o - 18 = 4*w - 6, -o = -4*w - 16. Let h be o/6 + 32/(-6). Let p = 1 - h. What is the units dig